{"id":281,"date":"2021-02-09T15:55:48","date_gmt":"2021-02-09T14:55:48","guid":{"rendered":"http:\/\/www.pocketpharma.be\/newsite\/?page_id=281"},"modified":"2021-02-09T15:55:48","modified_gmt":"2021-02-09T14:55:48","slug":"installation","status":"publish","type":"page","link":"https:\/\/www.pocketpharma.be\/2021\/index.php\/installation\/","title":{"rendered":"Installation"},"content":{"rendered":"\n<p><strong><u>1.Installation<\/u><\/strong><\/p>\n\n\n\n<ul><li>T\u00e9l\u00e9chargez l\u2019application PocketPharma sur le Playstore ou l\u2019Appstore (Pocket-Pharma) et installez-l\u00e0 sur votre smartphone.<\/li><li>Assurez-vous d\u2019avoir une bonne connexion internet pour la suite de la configuration (wifi de pr\u00e9f\u00e9rence) et \u00e9vitez que votre t\u00e9l\u00e9phone se mette en veille ou ne s\u2019\u00e9teigne durant le processus.<\/li><li>Lancez l\u2019application, et appuyez sur \u00ab Scannez votre QR code \u00bb.<\/li><\/ul>\n\n\n\n<figure class=\"wp-block-image\"><img loading=\"lazy\" width=\"391\" height=\"172\" src=\"http:\/\/www.pocketpharma.be\/newsite\/wp-content\/uploads\/2021\/01\/utilisateur2.png\" alt=\"\" class=\"wp-image-68\" srcset=\"https:\/\/www.pocketpharma.be\/2021\/wp-content\/uploads\/2021\/01\/utilisateur2.png 391w, https:\/\/www.pocketpharma.be\/2021\/wp-content\/uploads\/2021\/01\/utilisateur2-300x132.png 300w\" sizes=\"(max-width: 391px) 100vw, 391px\" \/><\/figure>\n\n\n\n<ul><li>Autorisez l\u2019acc\u00e8s \u00e0 votre cam\u00e9ra et scannez le QR code que votre Pharmacien vous a remis \u00e0 l\u2019aide de votre cam\u00e9ra.<\/li><li>Appuyez sur \u00ab Connexion \u00bb sur la page contenant vos identifiants<\/li><li>Laissez votre Smartphone t\u00e9l\u00e9charger et configurer votre application jusqu\u2019\u00e0 la fin du processus.<\/li><li>Gr\u00e2ce \u00e0 PocketPharma vous \u00eates maintenant connect\u00e9 \u00e0 votre Pharmacie, toutes les fonctions vous sont accessibles.<\/li><\/ul>\n","protected":false},"excerpt":{"rendered":"<p>1.Installation T\u00e9l\u00e9chargez l\u2019application PocketPharma sur le Playstore ou l\u2019Appstore (Pocket-Pharma) et installez-l\u00e0 sur votre smartphone. Assurez-vous d\u2019avoir une bonne connexion internet pour la suite de la configuration (wifi de pr\u00e9f\u00e9rence) et \u00e9vitez que votre t\u00e9l\u00e9phone se mette en veille ou ne s\u2019\u00e9teigne durant le processus. Lancez l\u2019application, et appuyez sur \u00ab Scannez votre QR code [&hellip;]<\/p>\n","protected":false},"author":1,"featured_media":0,"parent":0,"menu_order":0,"comment_status":"closed","ping_status":"closed","template":"","meta":[],"_links":{"self":[{"href":"https:\/\/www.pocketpharma.be\/2021\/index.php\/wp-json\/wp\/v2\/pages\/281"}],"collection":[{"href":"https:\/\/www.pocketpharma.be\/2021\/index.php\/wp-json\/wp\/v2\/pages"}],"about":[{"href":"https:\/\/www.pocketpharma.be\/2021\/index.php\/wp-json\/wp\/v2\/types\/page"}],"author":[{"embeddable":true,"href":"https:\/\/www.pocketpharma.be\/2021\/index.php\/wp-json\/wp\/v2\/users\/1"}],"replies":[{"embeddable":true,"href":"https:\/\/www.pocketpharma.be\/2021\/index.php\/wp-json\/wp\/v2\/comments?post=281"}],"version-history":[{"count":1,"href":"https:\/\/www.pocketpharma.be\/2021\/index.php\/wp-json\/wp\/v2\/pages\/281\/revisions"}],"predecessor-version":[{"id":282,"href":"https:\/\/www.pocketpharma.be\/2021\/index.php\/wp-json\/wp\/v2\/pages\/281\/revisions\/282"}],"wp:attachment":[{"href":"https:\/\/www.pocketpharma.be\/2021\/index.php\/wp-json\/wp\/v2\/media?parent=281"}],"curies":[{"name":"wp","href":"https:\/\/api.w.org\/{rel}","templated":true}]}}