{"id":290,"date":"2021-02-09T16:03:35","date_gmt":"2021-02-09T15:03:35","guid":{"rendered":"http:\/\/www.pocketpharma.be\/newsite\/?page_id=290"},"modified":"2021-02-09T16:03:35","modified_gmt":"2021-02-09T15:03:35","slug":"outils","status":"publish","type":"page","link":"https:\/\/www.pocketpharma.be\/2021\/index.php\/outils\/","title":{"rendered":"Outils"},"content":{"rendered":"\n<ul><li><strong><u>Outils<\/u><\/strong><\/li><li><strong><u>Agenda (4 fen\u00eatres)<\/u><\/strong><\/li><\/ul>\n\n\n\n<p>Rassemblez au sein d\u2019un m\u00eame agenda tous les rendez-vous m\u00e9dicaux de la famille.&nbsp; Utilisez la fonction rappel afin de ne plus oublier de reprendre un rendez-vous chez un sp\u00e9cialiste ou de pr\u00e9voir un examen.<\/p>\n\n\n\n<ul><li>Ajoutez un nouveau rendez-vous via la touche \u00ab&nbsp;nouveau RDV&nbsp;\u00bb<\/li><\/ul>\n\n\n\n<figure class=\"wp-block-image\"><img loading=\"lazy\" width=\"418\" height=\"137\" src=\"http:\/\/www.pocketpharma.be\/newsite\/wp-content\/uploads\/2021\/01\/utilisateur46.png\" alt=\"\" class=\"wp-image-113\" srcset=\"https:\/\/www.pocketpharma.be\/2021\/wp-content\/uploads\/2021\/01\/utilisateur46.png 418w, https:\/\/www.pocketpharma.be\/2021\/wp-content\/uploads\/2021\/01\/utilisateur46-300x98.png 300w\" sizes=\"(max-width: 418px) 100vw, 418px\" \/><\/figure>\n\n\n\n<ul><li>Remplissez les diff\u00e9rents champs disponibles&nbsp;: raison, explication si n\u00e9cessaire, dates, heures, choisissez quel praticien encod\u00e9 dans l\u2019application est concern\u00e9 par le rendez-vous.&nbsp; Choisissez ensuite quel membre de la famille est concern\u00e9.<\/li><\/ul>\n\n\n\n<figure class=\"wp-block-image\"><img loading=\"lazy\" width=\"415\" height=\"662\" src=\"http:\/\/www.pocketpharma.be\/newsite\/wp-content\/uploads\/2021\/01\/utilisateur47.png\" alt=\"\" class=\"wp-image-114\" srcset=\"https:\/\/www.pocketpharma.be\/2021\/wp-content\/uploads\/2021\/01\/utilisateur47.png 415w, https:\/\/www.pocketpharma.be\/2021\/wp-content\/uploads\/2021\/01\/utilisateur47-188x300.png 188w\" sizes=\"(max-width: 415px) 100vw, 415px\" \/><\/figure>\n\n\n\n<ul><li>Les diff\u00e9rentes fen\u00eatres permettent de visualiser les rendez-vous pr\u00e9vus pour le membre de la famille s\u00e9lectionn\u00e9 ou d\u2019avoir une vue de l\u2019ensemble des rendez-vous pr\u00e9vu pour la famille enti\u00e8re.<\/li><li>La liste des rappels (rendez-vous, prise de m\u00e9dicament ou divers) est \u00e9galement accessible et modifiable.&nbsp; L\u2019ajout d\u2019un rappel s\u2019effectue via la touche \u00ab&nbsp;nouveau&nbsp;\u00bb en bas de la liste des rappels.<\/li><li><strong><u>Praticiens<\/u><\/strong><\/li><\/ul>\n\n\n\n<p>Rassemblez tous les acteurs de votre sant\u00e9, ceux de vos proches et retrouvez facilement leurs fiches de contacts.<\/p>\n\n\n\n<ul><li>La premi\u00e8re fen\u00eatre vous permet de visualiser la liste de vos praticiens encod\u00e9s, de retrouver rapidement leur fiche de contact mais \u00e9galement de les joindre directement par t\u00e9l\u00e9phone ou mail via les pastilles vertes pr\u00e9sentes \u00e0 l\u2019\u00e9cran&nbsp;:<\/li><\/ul>\n\n\n\n<figure class=\"wp-block-image\"><img loading=\"lazy\" width=\"412\" height=\"217\" src=\"http:\/\/www.pocketpharma.be\/newsite\/wp-content\/uploads\/2021\/01\/utilisateur48.png\" alt=\"\" class=\"wp-image-115\" srcset=\"https:\/\/www.pocketpharma.be\/2021\/wp-content\/uploads\/2021\/01\/utilisateur48.png 412w, https:\/\/www.pocketpharma.be\/2021\/wp-content\/uploads\/2021\/01\/utilisateur48-300x158.png 300w\" sizes=\"(max-width: 412px) 100vw, 412px\" \/><\/figure>\n\n\n\n<ul><li>L\u2019ajout d\u2019une fiche de contact se fait par la touche + au-dessus de la page&nbsp;:<\/li><\/ul>\n\n\n\n<figure class=\"wp-block-image\"><img loading=\"lazy\" width=\"416\" height=\"139\" src=\"http:\/\/www.pocketpharma.be\/newsite\/wp-content\/uploads\/2021\/01\/utilisateur49.png\" alt=\"\" class=\"wp-image-116\" srcset=\"https:\/\/www.pocketpharma.be\/2021\/wp-content\/uploads\/2021\/01\/utilisateur49.png 416w, https:\/\/www.pocketpharma.be\/2021\/wp-content\/uploads\/2021\/01\/utilisateur49-300x100.png 300w\" sizes=\"(max-width: 416px) 100vw, 416px\" \/><\/figure>\n\n\n\n<figure class=\"wp-block-image\"><img loading=\"lazy\" width=\"418\" height=\"189\" src=\"http:\/\/www.pocketpharma.be\/newsite\/wp-content\/uploads\/2021\/01\/utilisateur50.png\" alt=\"\" class=\"wp-image-117\" srcset=\"https:\/\/www.pocketpharma.be\/2021\/wp-content\/uploads\/2021\/01\/utilisateur50.png 418w, https:\/\/www.pocketpharma.be\/2021\/wp-content\/uploads\/2021\/01\/utilisateur50-300x136.png 300w\" sizes=\"(max-width: 418px) 100vw, 418px\" \/><\/figure>\n\n\n\n<ul><li>Une liste de champs \u00e0 remplir vous est propos\u00e9s&nbsp;:<\/li><\/ul>\n\n\n\n<figure class=\"wp-block-image\"><img loading=\"lazy\" width=\"417\" height=\"517\" src=\"http:\/\/www.pocketpharma.be\/newsite\/wp-content\/uploads\/2021\/01\/utilisateur51.png\" alt=\"\" class=\"wp-image-118\" srcset=\"https:\/\/www.pocketpharma.be\/2021\/wp-content\/uploads\/2021\/01\/utilisateur51.png 417w, https:\/\/www.pocketpharma.be\/2021\/wp-content\/uploads\/2021\/01\/utilisateur51-242x300.png 242w\" sizes=\"(max-width: 417px) 100vw, 417px\" \/><\/figure>\n\n\n\n<ul><li>Ainsi qu\u2019une liste de sp\u00e9cialit\u00e9s \u00e0 s\u00e9lectionner&nbsp;:<\/li><\/ul>\n\n\n\n<figure class=\"wp-block-image\"><img loading=\"lazy\" width=\"417\" height=\"332\" src=\"http:\/\/www.pocketpharma.be\/newsite\/wp-content\/uploads\/2021\/01\/utilisateur52.png\" alt=\"\" class=\"wp-image-119\" srcset=\"https:\/\/www.pocketpharma.be\/2021\/wp-content\/uploads\/2021\/01\/utilisateur52.png 417w, https:\/\/www.pocketpharma.be\/2021\/wp-content\/uploads\/2021\/01\/utilisateur52-300x239.png 300w\" sizes=\"(max-width: 417px) 100vw, 417px\" \/><\/figure>\n\n\n\n<ul><li><strong><u>Backup<\/u><\/strong><\/li><\/ul>\n\n\n\n<p>Cette fonction lancera la g\u00e9n\u00e9ration d\u2019une sauvegarde imm\u00e9diate, utile si vous venez d\u2019encoder plusieurs donn\u00e9es que vous voulez conserver dans l\u2019application.&nbsp; A noter que toutes les 3 semaines, automatiquement, l\u2019application vous sugg\u00e9rera d\u2019effectuer un backup.<\/p>\n\n\n\n<ul><li><strong><u>Animaux<\/u><\/strong><\/li><\/ul>\n\n\n\n<p>S\u00e9lectionnez la fiche de votre animal de compagnie parmi la liste \u00e9tablie&nbsp;:<\/p>\n\n\n\n<figure class=\"wp-block-image\"><img loading=\"lazy\" width=\"281\" height=\"248\" src=\"http:\/\/www.pocketpharma.be\/newsite\/wp-content\/uploads\/2021\/01\/utilisateur53.png\" alt=\"\" class=\"wp-image-120\"\/><\/figure>\n\n\n\n<ul><li>Notez que la s\u00e9lection d\u2019une fiche animal modifie certaines zones et fonctions du volet sant\u00e9 comme le profil, le carnet de sant\u00e9 et les vaccins.<\/li><\/ul>\n","protected":false},"excerpt":{"rendered":"<p>Outils Agenda (4 fen\u00eatres) Rassemblez au sein d\u2019un m\u00eame agenda tous les rendez-vous m\u00e9dicaux de la famille.&nbsp; Utilisez la fonction rappel afin de ne plus oublier de reprendre un rendez-vous chez un sp\u00e9cialiste ou de pr\u00e9voir un examen. Ajoutez un nouveau rendez-vous via la touche \u00ab&nbsp;nouveau RDV&nbsp;\u00bb Remplissez les diff\u00e9rents champs disponibles&nbsp;: raison, explication si [&hellip;]<\/p>\n","protected":false},"author":1,"featured_media":0,"parent":0,"menu_order":0,"comment_status":"closed","ping_status":"closed","template":"","meta":[],"_links":{"self":[{"href":"https:\/\/www.pocketpharma.be\/2021\/index.php\/wp-json\/wp\/v2\/pages\/290"}],"collection":[{"href":"https:\/\/www.pocketpharma.be\/2021\/index.php\/wp-json\/wp\/v2\/pages"}],"about":[{"href":"https:\/\/www.pocketpharma.be\/2021\/index.php\/wp-json\/wp\/v2\/types\/page"}],"author":[{"embeddable":true,"href":"https:\/\/www.pocketpharma.be\/2021\/index.php\/wp-json\/wp\/v2\/users\/1"}],"replies":[{"embeddable":true,"href":"https:\/\/www.pocketpharma.be\/2021\/index.php\/wp-json\/wp\/v2\/comments?post=290"}],"version-history":[{"count":1,"href":"https:\/\/www.pocketpharma.be\/2021\/index.php\/wp-json\/wp\/v2\/pages\/290\/revisions"}],"predecessor-version":[{"id":291,"href":"https:\/\/www.pocketpharma.be\/2021\/index.php\/wp-json\/wp\/v2\/pages\/290\/revisions\/291"}],"wp:attachment":[{"href":"https:\/\/www.pocketpharma.be\/2021\/index.php\/wp-json\/wp\/v2\/media?parent=290"}],"curies":[{"name":"wp","href":"https:\/\/api.w.org\/{rel}","templated":true}]}}